reatest common factor of 56 and q.
8
Let v(m) = 10*m**2 + 2*m - 1. Let x be v(1). Calculate the greatest common factor of x and 99.
11
Let p = 3 - -2. Suppose -4*l = -2*f - 38, -6 = -l + 5*f + 17. Let c be -2*2/l*-10. Calculate the greatest common factor of p and c.
5
Let i = 50 - 24. Suppose i = 2*y + 4. Calculate the highest common factor of y and 88.
11
Let g be (-3)/(3/1)*2. Let b be (g + 29/(-1))*-1. Let q = b + -15. Calculate the highest common factor of 2 and q.
2
Let h be (-134)/(-6) + (-2)/6. Let x be 1*-2 + 2 - -4. Let g = x - -7. What is the highest common divisor of h and g?
11
Let q(z) = z + 6. Let i be q(-5). Let d = 2 + -2. Let m be (-2)/(4/(-18) - d). Calculate the highest common divisor of i and m.
1
Let s(f) = 5*f - 5 - 14 + 0 - 3*f. Let q be s(15). Let v = 114 + -37. Calculate the greatest common divisor of q and v.
11
Suppose -4*s = -6 - 2. Suppose 0 = 2*w + s*w + 2*j - 252, 3*w - 5*j = 189. Calculate the greatest common divisor of 7 and w.
7
Let r = 345 - 217. Let o(a) = a**2 - 2*a + 1. Let g be o(5). Calculate the greatest common divisor of g and r.
16
Let g = -11 + 37. Let m(l) = 5*l + 4. Let i(r) = r**3 - 10*r**2 + 11*r - 11. Let x be i(9). Let o be m(x). Calculate the highest common divisor of o and g.
13
Suppose a = -2*a - 2*v - 5, -5*a = -5*v. Let i = a + 8. Suppose -d + 5*h = -28, 2*h - 84 = -3*d - 0*d. Calculate the highest common divisor of d and i.
7
Suppose 5*s = 149 - 9. Calculate the highest common factor of s and 28.
28
Suppose 4*r + 60 + 12 = 0. Let x be r/((1 + -3)/2). What is the highest common factor of x and 6?
6
Let w be 1/1*(14 - 0). Let k(b) = -b**2 + 15*b - 52. Let o be k(6). What is the highest common divisor of w and o?
2
Suppose 0*r + 15 = b - 4*r, 13 = b - 3*r. Calculate the highest common factor of b and 49.
7
Suppose -4*z - 4*a = -28, -5*z + 39 + 2 = -a. Let g be (-2)/9 - (-4)/18. Suppose g = -o - 5, n = -2*o + 62. What is the greatest common divisor of z and n?
8
Let f be 4*(-2)/4 - -9. What is the highest common factor of f and 49?
7
Suppose 12 = 5*c - 4*q, -3*q = 5*c - 32 + 6. Suppose 0 = c*m - 29 - 7. Suppose -8 + 53 = 5*b. What is the highest common factor of b and m?
9
Let i = 17 - 10. Suppose 0*w + 12 = 4*w. Suppose w*z = -2*z + 105. What is the greatest common factor of i and z?
7
Let o = 18 - 14. What is the greatest common factor of 3 and o?
1
Suppose -2*x + 3*z = -317, -4*x + 351 + 292 = 3*z. Calculate the highest common factor of 20 and x.
20
Let d be 4/(-18) + (-42)/54. Let p(q) = -q + 1. Let v be p(d). Suppose v*g = g + 60. Calculate the greatest common factor of g and 12.
12
Let a be (-4)/4*(-1 + 18). Let j = -5 - a. What is the highest common divisor of j and 6?
6
Suppose -58 = -5*o + 7. What is the highest common factor of 65 and o?
13
Suppose 0*s - 2*s = -242. Calculate the greatest common factor of 11 and s.
11
Let z = 20 - 16. Suppose 139 = z*a + 23. What is the greatest common factor of 87 and a?
29
Suppose -f = -28 + 6. Suppose 3*r - 2*o - 18 = 2*r, 3*r + o = 68. What is the greatest common factor of r and f?
22
Let j(o) = -o**3 + 10*o**2 - 10*o - 11. Let q be j(8). Let k = -25 + q. What is the greatest common divisor of k and 60?
12
Let y(w) = w**3 + 2*w**2 - 2*w - 2. Let b be y(-2). Suppose 6*h - 102 = 3*h + 3*n, b*n - 76 = -2*h. Calculate the highest common divisor of h and 54.
18
Let n = 61 - 12. What is the greatest common divisor of 7 and n?
7
Let u = 125 - 73. Suppose -f = -4*f + 5*y + 26, -2*y = 4*f - u. Calculate the greatest common factor of f and 12.
12
Let r be (-6)/2*(-2)/6. Let p be (3 - 1) + r - 1. Suppose z - 17 = -l, -p*l = -z - 0*z - 37. Calculate the greatest common divisor of 54 and l.
18
Let w = -169 + 208. Calculate the greatest common factor of w and 429.
39
Let w = -5 - -10. Let x = -41 + 76. Calculate the greatest common factor of x and w.
5
Suppose 4*l = 2*y + 64, 3*l + 0*y - 43 = -y. Suppose -4*c + 39 = -5*t, 3*c + 3*t = 2*t + l. Calculate the highest common factor of c and 12.
6
Let n(p) = -2*p**2 + 3*p - 12. Let a be n(-12). Let r be (1/(-2))/(8/a). Let z(m) = 3*m**2 - 2*m. Let q be z(3). Calculate the highest common factor of r and q.
21
Let m(s) = s**2 + s - 2. Let k be (-2)/(-1 + 12/8). Let n be m(k). Let g(r) = 12*r**2 - r - 1. Let a be g(-3). What is the highest common factor of a and n?
10
Let c(f) = f**2 - 3*f + 2. Let q be c(-9). Calculate the highest common divisor of 10 and q.
10
Suppose 50 = z + 5*x, 5*z + 5*x - 14 = 236. Let i(f) = f**3 - 5*f**2 + 2*f + 4. Let u be i(5). Let g = u - -6. What is the highest common divisor of g and z?
10
Let n be 1796/16 - 6/(-8). Suppose 0 = -l - 3*l - 3*x + 160, 3*l + 4*x - n = 0. Let k = l - -12. Calculate the greatest common divisor of 11 and k.
11
Suppose 34 - 60 = -d. What is the greatest common factor of 65 and d?
13
Let q = 91 - 39. Let l = -19 + q. What is the greatest common divisor of l and 132?
33
Let m(x) = x**3 - 5*x**2 + 5*x - 2. Let g be m(4). Suppose -y + g*y = 0. Let w = 1 + y. What is the greatest common factor of w and 1?
1
Let r(o) = -4*o + 1. Let s be r(-1). Let z be (2/(-5))/((-3)/75). What is the highest common factor of s and z?
5
Let p be 3*(-1 + 11)/2. Suppose p = -5*x + 180. What is the greatest common divisor of 22 and x?
11
Let m = -7 - -10. Suppose -15 = -3*r - m. Suppose r*a - 51 = 29. Calculate the greatest common divisor of 8 and a.
4
Suppose 4*v - 151 = -3*k, 4*k - 5*v - 199 = -8*v. Let m be ((-630)/k)/(6/(-28)). What is the highest common divisor of 12 and m?
12
Let i(h) = 4*h. Suppose 0 = -q + 5*q - 4. Let o be i(q). Suppose 3*u = -2*v - 87 + 231, o*v + u - 278 = 0. What is the greatest common factor of v and 23?
23
Suppose 40 = -o + 5*o - 3*z, -19 = -3*o + 5*z. Suppose 0 = -0*p + 2*p - 80. Let h = p + 51. Calculate the highest common divisor of h and o.
13
Suppose n + 1 - 6 = 0. Suppose -4 = -2*s + 66. What is the highest common factor of s and n?
5
Suppose -4*l + 34 = -v, l - 6*l - 4*v = -53. Calculate the greatest common divisor of l and 81.
9
Let a = 137 - 117. Suppose -10 = s - 2*w - w, -2*s + 15 = w. Calculate the highest common divisor of a and s.
5
Suppose -a + 4*u = -26, 4*a - 2*u - 2*u = 56. What is the greatest common divisor of a and 40?
10
Suppose 4*j - h - 21 = 0, 5*h = 2*j - 0*h - 33. Calculate the greatest common factor of 32 and j.
4
Let z be 2/(-3)*(1 + -4). Suppose 5*q = -6*a + a + 35, -a = z*q - 18. Calculate the greatest common divisor of 1 and q.
1
Let g be 8/(-20)*(-7 + 2). Suppose g*n - r - r - 104 = 0, 4*r - 92 = -2*n. What is the greatest common factor of n and 20?
10
Let u be (6/(-7))/(2/(-14)). What is the highest common factor of 3 and u?
3
Suppose -4*i = -t + 32, 128 = 5*t + i - 5*i. What is the highest common factor of 168 and t?
24
Suppose 36*m = 31*m + 230. Calculate the greatest common factor of 115 and m.
23
Let q be ((-2)/5 + 1)/((-3)/(-45)). Calculate the greatest common factor of q and 63.
9
Suppose 19*q - 26*q + 42 = 0. Suppose 0 = -0*t + t - 42. Calculate the highest common factor of q and t.
6
Let c(z) = -z**3 + 8*z**2 + 6*z - 6. Let y be c(5). Let n be (-4)/10 + (-114)/(-10). What is the highest common divisor of y and n?
11
Let k be (-2)/(-6) - (-208)/6. Let b = -2 + k. Suppose -5*v + 10 + 45 = 0. What is the greatest common factor of v and b?
11
Suppose 43 = 3*m - w, -4*m + 2*w + 13 + 45 = 0. Suppose -5*n + 116 = -374. What is the greatest common factor of n and m?
14
Let t be (2 - 4) + 6/2. Let y be ((-36)/14)/(t/(-21)). Suppose -7*b - 3*i = -2*b - 36, b - 4*i + 2 = 0. What is the highest common divisor of b and y?
6
Let h = -29 + 83. What is the highest common factor of h and 18?
18
Suppose -2*n + 4*n - 120 = 0. Calculate the highest common factor of n and 40.
20
Let x = 57 - 24. Calculate the highest common divisor of 22 and x.
11
Suppose -3*b = 3*d - 30, b + 30 = 4*d + 3*b. Calculate the highest common divisor of 25 and d.
5
Let d(w) = 5*w**2 - 2*w - 5. Let k be 36/(-8) - 3/6. Let m be d(k). Calculate the greatest common factor of m and 52.
26
Suppose o = r - 1 - 3, 3*r - 4*o - 12 = 0. Let p be 2/r*(2 + 34). Calculate the highest common factor of p and 6.
6
Let h(b) = -b**2 - 10*b - 7. Let s be h(-11). Let o = -11 - s. Calculate the greatest common factor of 56 and o.
7
Let m be (11/(-2))/(1/(-2)). Let y(r) = -97